{"id":1763,"date":"2010-11-18T08:28:24","date_gmt":"2010-11-18T06:28:24","guid":{"rendered":"http:\/\/www.biziberria.fr\/wordpress\/?page_id=1763"},"modified":"2011-03-07T12:33:18","modified_gmt":"2011-03-07T10:33:18","slug":"julie-et-virginie-le-samedi-1311","status":"publish","type":"page","link":"https:\/\/www.biziberria.fr\/wordpress\/?page_id=1763","title":{"rendered":"Julie et Virginie, le Samedi 13\/11."},"content":{"rendered":"<h3 style=\"text-align: justify;\"><em><span style=\"color: #000080;\">Nous avons donc pass\u00e9 une tr\u00e8s\u00a0sympathique\u00a0soir\u00e9e au pied\u00a0lev\u00e9\u00a0comme on dit vu que cette raclette a\u00a0\u00e9t\u00e9 organis\u00e9e au dernier moment. Le 14 \u00e9tant un Dimanche nous avons\u00a0opt\u00e9\u00a0pour se retrouver le Samedi soir, voyez plut\u00f4t.<\/span><\/em><\/h3>\n\n\t\t<style type=\"text\/css\">\n\t\t\t#gallery-1 {\n\t\t\t\tmargin: auto;\n\t\t\t}\n\t\t\t#gallery-1 .gallery-item {\n\t\t\t\tfloat: left;\n\t\t\t\tmargin-top: 10px;\n\t\t\t\ttext-align: center;\n\t\t\t\twidth: 33%;\n\t\t\t}\n\t\t\t#gallery-1 img {\n\t\t\t\tborder: 2px solid #cfcfcf;\n\t\t\t}\n\t\t\t#gallery-1 .gallery-caption {\n\t\t\t\tmargin-left: 0;\n\t\t\t}\n\t\t\t\/* see gallery_shortcode() in wp-includes\/media.php *\/\n\t\t<\/style>\n\t\t<div id='gallery-1' class='gallery galleryid-1763 gallery-columns-3 gallery-size-thumbnail'><dl class='gallery-item'>\n\t\t\t<dt class='gallery-icon landscape'>\n\t\t\t\t<a href='https:\/\/www.biziberria.fr\/wordpress\/wp-content\/uploads\/2010\/11\/Zorionak-Julie-Virginie-13.11.10-BB-016.jpg'><img loading=\"lazy\" decoding=\"async\" width=\"150\" height=\"150\" src=\"https:\/\/www.biziberria.fr\/wordpress\/wp-content\/uploads\/2010\/11\/Zorionak-Julie-Virginie-13.11.10-BB-016-150x150.jpg\" class=\"attachment-thumbnail size-thumbnail\" alt=\"\" \/><\/a>\n\t\t\t<\/dt><\/dl><dl class='gallery-item'>\n\t\t\t<dt class='gallery-icon landscape'>\n\t\t\t\t<a href='https:\/\/www.biziberria.fr\/wordpress\/wp-content\/uploads\/2010\/11\/Zorionak-Julie-Virginie-13.11.10-BB-001.jpg'><img loading=\"lazy\" decoding=\"async\" width=\"150\" height=\"150\" src=\"https:\/\/www.biziberria.fr\/wordpress\/wp-content\/uploads\/2010\/11\/Zorionak-Julie-Virginie-13.11.10-BB-001-150x150.jpg\" class=\"attachment-thumbnail size-thumbnail\" alt=\"\" \/><\/a>\n\t\t\t<\/dt><\/dl><dl class='gallery-item'>\n\t\t\t<dt class='gallery-icon landscape'>\n\t\t\t\t<a href='https:\/\/www.biziberria.fr\/wordpress\/wp-content\/uploads\/2010\/11\/Zorionak-Julie-Virginie-13.11.10-BB-002.jpg'><img loading=\"lazy\" decoding=\"async\" width=\"150\" height=\"150\" src=\"https:\/\/www.biziberria.fr\/wordpress\/wp-content\/uploads\/2010\/11\/Zorionak-Julie-Virginie-13.11.10-BB-002-150x150.jpg\" class=\"attachment-thumbnail size-thumbnail\" alt=\"\" \/><\/a>\n\t\t\t<\/dt><\/dl><br style=\"clear: both\" \/><dl class='gallery-item'>\n\t\t\t<dt class='gallery-icon landscape'>\n\t\t\t\t<a href='https:\/\/www.biziberria.fr\/wordpress\/wp-content\/uploads\/2010\/11\/Zorionak-Julie-Virginie-13.11.10-BB-003.jpg'><img loading=\"lazy\" decoding=\"async\" width=\"150\" height=\"150\" src=\"https:\/\/www.biziberria.fr\/wordpress\/wp-content\/uploads\/2010\/11\/Zorionak-Julie-Virginie-13.11.10-BB-003-150x150.jpg\" class=\"attachment-thumbnail size-thumbnail\" alt=\"\" \/><\/a>\n\t\t\t<\/dt><\/dl><dl class='gallery-item'>\n\t\t\t<dt class='gallery-icon landscape'>\n\t\t\t\t<a href='https:\/\/www.biziberria.fr\/wordpress\/wp-content\/uploads\/2010\/11\/Zorionak-Julie-Virginie-13.11.10-BB-004.jpg'><img loading=\"lazy\" decoding=\"async\" width=\"150\" height=\"150\" src=\"https:\/\/www.biziberria.fr\/wordpress\/wp-content\/uploads\/2010\/11\/Zorionak-Julie-Virginie-13.11.10-BB-004-150x150.jpg\" class=\"attachment-thumbnail size-thumbnail\" alt=\"\" \/><\/a>\n\t\t\t<\/dt><\/dl><dl class='gallery-item'>\n\t\t\t<dt class='gallery-icon landscape'>\n\t\t\t\t<a href='https:\/\/www.biziberria.fr\/wordpress\/wp-content\/uploads\/2010\/11\/Zorionak-Julie-Virginie-13.11.10-BB-005.jpg'><img loading=\"lazy\" decoding=\"async\" width=\"150\" height=\"150\" src=\"https:\/\/www.biziberria.fr\/wordpress\/wp-content\/uploads\/2010\/11\/Zorionak-Julie-Virginie-13.11.10-BB-005-150x150.jpg\" class=\"attachment-thumbnail size-thumbnail\" alt=\"\" \/><\/a>\n\t\t\t<\/dt><\/dl><br style=\"clear: both\" \/><dl class='gallery-item'>\n\t\t\t<dt class='gallery-icon landscape'>\n\t\t\t\t<a href='https:\/\/www.biziberria.fr\/wordpress\/wp-content\/uploads\/2010\/11\/Zorionak-Julie-Virginie-13.11.10-BB-006.jpg'><img loading=\"lazy\" decoding=\"async\" width=\"150\" height=\"150\" src=\"https:\/\/www.biziberria.fr\/wordpress\/wp-content\/uploads\/2010\/11\/Zorionak-Julie-Virginie-13.11.10-BB-006-150x150.jpg\" class=\"attachment-thumbnail size-thumbnail\" alt=\"\" \/><\/a>\n\t\t\t<\/dt><\/dl><dl class='gallery-item'>\n\t\t\t<dt class='gallery-icon landscape'>\n\t\t\t\t<a href='https:\/\/www.biziberria.fr\/wordpress\/wp-content\/uploads\/2010\/11\/Zorionak-Julie-Virginie-13.11.10-BB-007.jpg'><img loading=\"lazy\" decoding=\"async\" width=\"150\" height=\"150\" src=\"https:\/\/www.biziberria.fr\/wordpress\/wp-content\/uploads\/2010\/11\/Zorionak-Julie-Virginie-13.11.10-BB-007-150x150.jpg\" class=\"attachment-thumbnail size-thumbnail\" alt=\"\" \/><\/a>\n\t\t\t<\/dt><\/dl><dl class='gallery-item'>\n\t\t\t<dt class='gallery-icon portrait'>\n\t\t\t\t<a href='https:\/\/www.biziberria.fr\/wordpress\/wp-content\/uploads\/2010\/11\/Zorionak-Julie-Virginie-13.11.10-BB-008.jpg'><img loading=\"lazy\" decoding=\"async\" width=\"150\" height=\"150\" src=\"https:\/\/www.biziberria.fr\/wordpress\/wp-content\/uploads\/2010\/11\/Zorionak-Julie-Virginie-13.11.10-BB-008-150x150.jpg\" class=\"attachment-thumbnail size-thumbnail\" alt=\"\" \/><\/a>\n\t\t\t<\/dt><\/dl><br style=\"clear: both\" \/><dl class='gallery-item'>\n\t\t\t<dt class='gallery-icon landscape'>\n\t\t\t\t<a href='https:\/\/www.biziberria.fr\/wordpress\/wp-content\/uploads\/2010\/11\/Zorionak-Julie-Virginie-13.11.10-BB-009.jpg'><img loading=\"lazy\" decoding=\"async\" width=\"150\" height=\"150\" src=\"https:\/\/www.biziberria.fr\/wordpress\/wp-content\/uploads\/2010\/11\/Zorionak-Julie-Virginie-13.11.10-BB-009-150x150.jpg\" class=\"attachment-thumbnail size-thumbnail\" alt=\"\" \/><\/a>\n\t\t\t<\/dt><\/dl><dl class='gallery-item'>\n\t\t\t<dt class='gallery-icon landscape'>\n\t\t\t\t<a href='https:\/\/www.biziberria.fr\/wordpress\/wp-content\/uploads\/2010\/11\/Zorionak-Julie-Virginie-13.11.10-BB-010.jpg'><img loading=\"lazy\" decoding=\"async\" width=\"150\" height=\"150\" src=\"https:\/\/www.biziberria.fr\/wordpress\/wp-content\/uploads\/2010\/11\/Zorionak-Julie-Virginie-13.11.10-BB-010-150x150.jpg\" class=\"attachment-thumbnail size-thumbnail\" alt=\"\" \/><\/a>\n\t\t\t<\/dt><\/dl><dl class='gallery-item'>\n\t\t\t<dt class='gallery-icon portrait'>\n\t\t\t\t<a href='https:\/\/www.biziberria.fr\/wordpress\/wp-content\/uploads\/2010\/11\/Zorionak-Julie-Virginie-13.11.10-BB-011.jpg'><img loading=\"lazy\" decoding=\"async\" width=\"150\" height=\"150\" src=\"https:\/\/www.biziberria.fr\/wordpress\/wp-content\/uploads\/2010\/11\/Zorionak-Julie-Virginie-13.11.10-BB-011-150x150.jpg\" class=\"attachment-thumbnail size-thumbnail\" alt=\"\" \/><\/a>\n\t\t\t<\/dt><\/dl><br style=\"clear: both\" \/><dl class='gallery-item'>\n\t\t\t<dt class='gallery-icon landscape'>\n\t\t\t\t<a href='https:\/\/www.biziberria.fr\/wordpress\/wp-content\/uploads\/2010\/11\/Zorionak-Julie-Virginie-13.11.10-BB-012.jpg'><img loading=\"lazy\" decoding=\"async\" width=\"150\" height=\"150\" src=\"https:\/\/www.biziberria.fr\/wordpress\/wp-content\/uploads\/2010\/11\/Zorionak-Julie-Virginie-13.11.10-BB-012-150x150.jpg\" class=\"attachment-thumbnail size-thumbnail\" alt=\"\" \/><\/a>\n\t\t\t<\/dt><\/dl><dl class='gallery-item'>\n\t\t\t<dt class='gallery-icon landscape'>\n\t\t\t\t<a href='https:\/\/www.biziberria.fr\/wordpress\/wp-content\/uploads\/2010\/11\/Zorionak-Julie-Virginie-13.11.10-BB-013.jpg'><img loading=\"lazy\" decoding=\"async\" width=\"150\" height=\"150\" src=\"https:\/\/www.biziberria.fr\/wordpress\/wp-content\/uploads\/2010\/11\/Zorionak-Julie-Virginie-13.11.10-BB-013-150x150.jpg\" class=\"attachment-thumbnail size-thumbnail\" alt=\"\" \/><\/a>\n\t\t\t<\/dt><\/dl><dl class='gallery-item'>\n\t\t\t<dt class='gallery-icon landscape'>\n\t\t\t\t<a href='https:\/\/www.biziberria.fr\/wordpress\/wp-content\/uploads\/2010\/11\/Zorionak-Julie-Virginie-13.11.10-BB-014.jpg'><img loading=\"lazy\" decoding=\"async\" width=\"150\" height=\"150\" src=\"https:\/\/www.biziberria.fr\/wordpress\/wp-content\/uploads\/2010\/11\/Zorionak-Julie-Virginie-13.11.10-BB-014-150x150.jpg\" class=\"attachment-thumbnail size-thumbnail\" alt=\"\" \/><\/a>\n\t\t\t<\/dt><\/dl><br style=\"clear: both\" \/>\n\t\t<\/div>\n\n","protected":false},"excerpt":{"rendered":"<p>Nous avons donc pass\u00e9 une tr\u00e8s\u00a0sympathique\u00a0soir\u00e9e au pied\u00a0lev\u00e9\u00a0comme on dit vu que cette raclette a\u00a0\u00e9t\u00e9 organis\u00e9e au dernier moment. Le 14 \u00e9tant un Dimanche nous avons\u00a0opt\u00e9\u00a0pour se retrouver le Samedi soir, voyez plut\u00f4t.<\/p>\n","protected":false},"author":2,"featured_media":0,"parent":48,"menu_order":95,"comment_status":"closed","ping_status":"closed","template":"","meta":{"footnotes":""},"class_list":["post-1763","page","type-page","status-publish","hentry"],"_links":{"self":[{"href":"https:\/\/www.biziberria.fr\/wordpress\/index.php?rest_route=\/wp\/v2\/pages\/1763","targetHints":{"allow":["GET"]}}],"collection":[{"href":"https:\/\/www.biziberria.fr\/wordpress\/index.php?rest_route=\/wp\/v2\/pages"}],"about":[{"href":"https:\/\/www.biziberria.fr\/wordpress\/index.php?rest_route=\/wp\/v2\/types\/page"}],"author":[{"embeddable":true,"href":"https:\/\/www.biziberria.fr\/wordpress\/index.php?rest_route=\/wp\/v2\/users\/2"}],"replies":[{"embeddable":true,"href":"https:\/\/www.biziberria.fr\/wordpress\/index.php?rest_route=%2Fwp%2Fv2%2Fcomments&post=1763"}],"version-history":[{"count":7,"href":"https:\/\/www.biziberria.fr\/wordpress\/index.php?rest_route=\/wp\/v2\/pages\/1763\/revisions"}],"predecessor-version":[{"id":1809,"href":"https:\/\/www.biziberria.fr\/wordpress\/index.php?rest_route=\/wp\/v2\/pages\/1763\/revisions\/1809"}],"up":[{"embeddable":true,"href":"https:\/\/www.biziberria.fr\/wordpress\/index.php?rest_route=\/wp\/v2\/pages\/48"}],"wp:attachment":[{"href":"https:\/\/www.biziberria.fr\/wordpress\/index.php?rest_route=%2Fwp%2Fv2%2Fmedia&parent=1763"}],"curies":[{"name":"wp","href":"https:\/\/api.w.org\/{rel}","templated":true}]}}