{"id":10499,"date":"2018-01-08T10:52:12","date_gmt":"2018-01-08T08:52:12","guid":{"rendered":"http:\/\/www.biziberria.fr\/wordpress\/?page_id=10499"},"modified":"2018-01-08T10:52:19","modified_gmt":"2018-01-08T08:52:19","slug":"2017-2","status":"publish","type":"page","link":"https:\/\/www.biziberria.fr\/wordpress\/?page_id=10499","title":{"rendered":"2017"},"content":{"rendered":"<ol id=\"u_jsonp_8_p_story\">\n<div id=\"tl_unit_-7597014808201500970\">\n<h3><a href=\"http:\/\/www.biziberria.fr\/wordpress\/wp-content\/uploads\/2010\/05\/du-18-au-24-dec_n.jpg\"><img loading=\"lazy\" decoding=\"async\" title=\"du 18 au 24 dec_n\" src=\"http:\/\/www.biziberria.fr\/wordpress\/wp-content\/uploads\/2010\/05\/du-18-au-24-dec_n.jpg\" alt=\"\" width=\"576\" height=\"469\" \/><\/a><\/h3>\n<\/div>\n<div id=\"tl_unit_-7597014808201500970\">\n<div id=\"u_jsonp_8_1n\">\n<div id=\"js_14k\">\n<h3>Coucou! On reprend doucement le rythme des activit\u00e9s \u00e0 Bizi Berria!<br \/>\nLundi matin, GYM rdv 9h50 \u00e0 Lauga<br \/>\nMardi midi, un repas!<br \/>\nMercredi apr\u00e8s midi, au choix, bowling ou cin\u00e9ma<br \/>\nJeudi apr\u00e8s midi, Danse avec Cl\u00e9mentine&#8230;<br \/>\nEt vendredi, spectacle au th\u00e9\u00e2tre d&rsquo;Anglet, \u00e0 20h30, ambiance cabaret:cirque (r\u00e9servations oblige!)<br \/>\nBon weekend!<\/h3>\n<\/div>\n<\/div>\n<\/div>\n<\/ol>\n","protected":false},"excerpt":{"rendered":"<p>Coucou! On reprend doucement le rythme des activit\u00e9s \u00e0 Bizi Berria! Lundi matin, GYM rdv 9h50 \u00e0 Lauga Mardi midi, un repas! Mercredi apr\u00e8s midi, au choix, bowling ou cin\u00e9ma Jeudi apr\u00e8s midi, Danse avec Cl\u00e9mentine&#8230; Et vendredi, spectacle au th\u00e9\u00e2tre d&rsquo;Anglet, \u00e0 20h30, ambiance cabaret:cirque (r\u00e9servations oblige!) Bon weekend!<\/p>\n","protected":false},"author":2,"featured_media":0,"parent":85,"menu_order":0,"comment_status":"closed","ping_status":"closed","template":"","meta":{"footnotes":""},"class_list":["post-10499","page","type-page","status-publish","hentry"],"_links":{"self":[{"href":"https:\/\/www.biziberria.fr\/wordpress\/index.php?rest_route=\/wp\/v2\/pages\/10499","targetHints":{"allow":["GET"]}}],"collection":[{"href":"https:\/\/www.biziberria.fr\/wordpress\/index.php?rest_route=\/wp\/v2\/pages"}],"about":[{"href":"https:\/\/www.biziberria.fr\/wordpress\/index.php?rest_route=\/wp\/v2\/types\/page"}],"author":[{"embeddable":true,"href":"https:\/\/www.biziberria.fr\/wordpress\/index.php?rest_route=\/wp\/v2\/users\/2"}],"replies":[{"embeddable":true,"href":"https:\/\/www.biziberria.fr\/wordpress\/index.php?rest_route=%2Fwp%2Fv2%2Fcomments&post=10499"}],"version-history":[{"count":2,"href":"https:\/\/www.biziberria.fr\/wordpress\/index.php?rest_route=\/wp\/v2\/pages\/10499\/revisions"}],"predecessor-version":[{"id":10501,"href":"https:\/\/www.biziberria.fr\/wordpress\/index.php?rest_route=\/wp\/v2\/pages\/10499\/revisions\/10501"}],"up":[{"embeddable":true,"href":"https:\/\/www.biziberria.fr\/wordpress\/index.php?rest_route=\/wp\/v2\/pages\/85"}],"wp:attachment":[{"href":"https:\/\/www.biziberria.fr\/wordpress\/index.php?rest_route=%2Fwp%2Fv2%2Fmedia&parent=10499"}],"curies":[{"name":"wp","href":"https:\/\/api.w.org\/{rel}","templated":true}]}}